11928 = o + h. What are the prime factors of o?
2, 3, 1987
Suppose -3*m - 1130 = 2*x, 4*m + 7*x + 1508 = 3*x. Let b be ((-1 - -532) + -2)/1. Let j = b + m. What are the prime factors of j?
3, 17
Let t(o) = 92 + 8*o**3 - 2*o**2 + 5*o**2 - o + 171 - 7*o**3. What are the prime factors of t(0)?
263
Let a = 41026 + -34513. List the prime factors of a.
3, 13, 167
Let s = -26165 - -29966. List the prime factors of s.
3, 7, 181
Let x = -315 - -62. List the prime factors of (1 + -4 - -1)*(80 + x).
2, 173
Suppose -7*r + 4*g + 52 = -3*r, 5*r + g = 65. Let a = -137 - -341. Suppose 17*b - r*b = a. What are the prime factors of b?
3, 17
Let d = 9454 + -1441. What are the prime factors of d?
3, 2671
Let n(b) = b**3 + 7*b**2 + 10*b + 15. Let y be n(-6). Let s(t) = -4*t + 2*t**2 + 6*t - 3 + 5*t + 0*t. What are the prime factors of s(y)?
2, 3
Let m(z) = -z + 9. Let q be m(-4). Let w(k) = k**3 - 14*k**2 + 14*k - 12. Let s be w(q). List the prime factors of 2/3 - (566/(-6))/s.
5, 19
Let d(z) = -14*z**3 + 30*z**2 + 25*z - 24. Let x(y) = 5*y**3 - 10*y**2 - 9*y + 8. Let v(k) = -6*d(k) - 17*x(k). List the prime factors of v(-13).
2, 7, 17
Suppose 2*b - 14762 - 10250 = 0. List the prime factors of b.
2, 13, 37
What are the prime factors of (976/(-28) + 0)/((-60)/56490)?
2, 61, 269
Let f be (0 - (-28)/20) + (-3)/(-5). Suppose 5*j + 354 - 1927 = u, -3*j + f*u = -941. List the prime factors of j.
3, 5, 7
Suppose 2*o = 3*o - 34. Let g(h) = 11*h + 80. List the prime factors of g(o).
2, 227
Let a = -1314 + 346. Let j = a - -2321. List the prime factors of j.
3, 11, 41
Let a be (-26223)/27 + 30/135. Let g = -610 - a. What are the prime factors of g?
19
Suppose 230*t + 54 = 236*t. Let q(h) = 2*h**3 - 15*h**2 - 10*h + 18. What are the prime factors of q(t)?
3, 19
Suppose 4*j = -4762 + 36678. List the prime factors of j.
79, 101
Let b(l) be the first derivative of 22*l**3/3 + 7*l**2/2 - 7*l - 2. List the prime factors of b(-5).
2, 127
Suppose 3*c + 7 - 14003 = -5*x, -c = -3*x - 4670. List the prime factors of c.
13, 359
Let l be 3*(3 - 2)/(2 - 1). Suppose -l = -o - s - 4, 0 = 2*s. List the prime factors of 4/(-8)*102/o.
3, 17
Let h = -11 + 16. Let i = 8 - h. Suppose 4*y = i*z + 415, -3*y + 310 = -0*z - 2*z. What are the prime factors of y?
2, 5
Let f = 77 + -77. Let k be (220 - f)/((-3)/(-24)). Suppose 6*j - k = -5*j. What are the prime factors of j?
2, 5
Suppose -2*j - g + 2 = -1, -3*g - 3 = 0. Suppose 66 = j*h + 60. Suppose 0*i - i - 437 = -4*o, h*o = 3*i + 321. What are the prime factors of o?
2, 5, 11
Let x be 100/(-75)*3*1 - 2065. Let r = x + 3616. List the prime factors of r.
7, 13, 17
Suppose 17201 = -217*i + 218*i. List the prime factors of i.
103, 167
Suppose z - 4*c - 45 = -17, 1 = -c. Suppose -z*k + 17*k + 6174 = 0. List the prime factors of k.
2, 3, 7
Let c = 2006 - -426. Let q = c - 878. What are the prime factors of q?
2, 3, 7, 37
Let g(w) = w**2 + 6*w - 7. Let m be g(-7). Suppose 2*d + f = -d + 6, m = -2*f. Suppose -x + d*x = -3*i + 87, -5*x + 3*i + 399 = 0. List the prime factors of x.
3
Suppose -184*c + 186*c - 1096 = 0. List the prime factors of (4 - (6 - -1)) + c.
5, 109
Suppose -2*l = 3*l - 4*y + 865, -y - 692 = 4*l. Let v = l - -344. Suppose -87 = -2*x + v. What are the prime factors of x?
3, 43
Let y(h) = -966*h - 4382. What are the prime factors of y(-55)?
2, 7, 1741
Let a be (-2)/6*0/(-8). Suppose -9*w + 420 + 498 = a. List the prime factors of w.
2, 3, 17
Let v = -3632 + 34580. What are the prime factors of v?
2, 3, 2579
Suppose -3*f + 3840 = 17*f. What are the prime factors of ((-136)/12)/((-4)/f*2)?
2, 17
Suppose u - 2*j = 3*j + 19, -u + 2*j + 7 = 0. List the prime factors of (u - -30)*-1*-29.
29
Let r be ((-60)/(-9))/((-7)/(-63)). Suppose 8*m = -2*m + r. Let x(j) = 13*j - 9. What are the prime factors of x(m)?
3, 23
Let i(r) = -2 - 4 + 4*r + 2. Let w(d) = 3*d**3 + 2*d**2 - 7*d + 4. Let p be w(1). What are the prime factors of i(p)?
2
Let p = -92 + 129. Suppose 0 = -41*u + p*u + 720. What are the prime factors of u?
2, 3, 5
Let l be (-51)/(-68) - 315/(-12). Suppose 31*h - l*h - 104 = 0. List the prime factors of h.
2, 13
Let o(u) = -747*u - 1616. List the prime factors of o(-10).
2, 2927
Let t(u) = -3*u**3 + 95*u**2 - 61*u + 5. Let n be t(31). Suppose -n*p + 53*p = 680. What are the prime factors of p?
2, 5
Suppose 0 = -511*r + 496*r + 64995. List the prime factors of r.
7, 619
Suppose 10 = 10*h - 30. Suppose l = k + 554, -220 - 309 = -l - h*k. What are the prime factors of l?
3, 61
Suppose 224*n - 1582230 = 94*n. List the prime factors of n.
3, 4057
Suppose 5*m + 124 = z, 8*m = 10*m + 10. Let q = z - 13. What are the prime factors of q?
2, 43
Let j(f) = -f**2 + 8*f + 5. Let h be (11 + -5)*8/6. Let t be j(h). Suppose u + 320 = t*u. What are the prime factors of u?
2, 5
Let p(t) = -t**3 + 12*t**2 + 3*t - 18. Let d be (-63 + 0 + 1)/(-2 + 0). Suppose -7*n + 53 = -d. What are the prime factors of p(n)?
2, 3
Let o = -2 - -57. Suppose r = -2*t + 577, 3*r = -t - o + 346. What are the prime factors of t?
2, 3
Let d(s) = 12*s**2 + 6*s + 12. Let j be (9/4)/(((-315)/56)/15). List the prime factors of d(j).
2, 3, 17
Let i = 82 + -81. Let v be 80/15 - i/3. Suppose 0 = v*x - x - 1116. List the prime factors of x.
3, 31
Suppose 5*l + 3915 = y, 2*l - l = y - 3919. List the prime factors of y.
2, 5, 7
Suppose -7*k - 390 = -37*k. Suppose c - 1591 = 2*x, 8*x = k*x - 10. List the prime factors of c.
5, 11, 29
Let b = -423 - -665. Let x = 459 - 344. Let d = b - x. What are the prime factors of d?
127
Let f be (2 - 8/12)*(-8226)/(-12). Let l = f - 550. List the prime factors of l.
2, 7, 13
Let x be -1 - ((-6)/(-10))/((-2)/10). Let f be 40 - (x + 0 + -2 + 0). Suppose 4*g = 2*y + 128, g = 3*g + 5*y - f. List the prime factors of g.
2, 3, 5
Suppose 3*m + 6034 = 4*s + 1289, -5*s - 2*m = -5937. Suppose 0 = q - s + 99. List the prime factors of q.
2, 17
Suppose 2*n - 4*r + 12 = 6*n, 13 = 3*n + r. Suppose -n*c + 4*k = -2499, 3*c + 46*k - 1500 = 49*k. What are the prime factors of c?
499
Let j(s) = 2*s + 42. Let d be j(-20). Suppose 0 = d*w - w - 9. Suppose 172 = w*z - 773. List the prime factors of z.
3, 5, 7
Let b = 103491 - 71653. List the prime factors of b.
2, 15919
Suppose -32*l - 22 = -34*l. Let m = 22 - l. Let w(g) = -g + 56. What are the prime factors of w(m)?
3, 5
Suppose -2*a - 122600 = -4*y, 224*a = 223*a + 8. What are the prime factors of y?
2, 3, 13, 131
Suppose 4*s = 3*q + 8*s - 16, 0 = 3*q + 2*s - 8. Suppose 4*z + 5 = -l, -4*l + 2*z + 15 + 1 = q. Suppose 287 - 26 = l*g. What are the prime factors of g?
3, 29
Let o(j) = 7*j**2 - 32*j - 21. Suppose -3*h - 73 = -5*d, 2*d - 53 = -2*d - 3*h. List the prime factors of o(d).
3, 7, 43
Let q = 86 - 83. What are the prime factors of 284/q - (-8)/6?
2, 3
Suppose -4*w - 5*w = -45. Let l be 251 - (2 - w)*1. What are the prime factors of 3*(l/6 + 1 + 3)?
139
Let q(r) = -3*r**3 - 127*r**2 - 62*r + 43. List the prime factors of q(-44).
12451
Suppose 0 = -3*d + k + 28956, 0*d + 2*d + 5*k = 19270. List the prime factors of d.
2, 5, 193
Let f = -40 - -28. Let s(q) = -2*q**3 - 41*q**2 - 17*q + 36. Let k be s(-20). What are the prime factors of ((-85)/(-2))/(f/k)?
5, 17
Let z(a) = -2*a**3 - 145*a**2 + 49*a - 37. What are the prime factors of z(-75)?
24413
Let j be 10/15*18*1. Let k(q) = -14*q + 25 + q + 13*q**2 - q**3 - 7. What are the prime factors of k(j)?
2, 3
Let m = -96 + 102. Suppose -3*x - m = 2*z, -x + 4*x + 5*z + 15 = 0. Suppose 5*v - 293 = -c, x = 2*c + 3 + 1. List the prime factors of v.
59
Suppose 107*t - 106*t = 503. Suppose 2*y - t = -93. Suppose y = 13*r - 8*r. List the prime factors of r.
41
Suppose 9*u = 10*u - 1562. Suppose -o = -4*o + 2*n + u, 1558 = 3*o - 4*n. What are the prime factors of o?
2, 3, 29
List the prime factors of ((-3506)/(-16))/((-15)/1080*-9).
1753
Let q be (-5 + 2)*8/6. Let x be q*(-39)/(-6)*-2. Let r = -15 + x. List the prime factors of r.
37
What are the prime factors of (-15)/(-24) - (-3556293)/312?
11399
Let f be (8*-1 - -4)*(-1)/2. Suppose 5*i = -15, -f*s - 2 - 1 = i. Suppose 3*h - h = -5*c + 518, s = 5*c - 4*h - 524. List the prime factors of c.
2, 13
Let f(w) = -2*w**2 - 16*w. Let c be f(-12). Let b = 272 + c. What are the prime factors of b?
2, 11
Let s(o) = 126*o**2 + 2*o + 2. Let c(f)